s 2744341 (base 12) in base 14?
10720db
Convert -8b8850 (base 12) to base 5.
-1032440123
-10004413242 (base 5) to base 10
-9841697
3ec955 (base 16) to base 10
4114773
What is 344071 (base 9) in base 14?
552cb
-230142211 (base 5) to base 11
-638568
What is -41481 (base 10) in base 9?
-62810
What is 6412316 (base 7) in base 5?
144320434
6467311 (base 8) to base 13
488638
Convert -324834 (base 9) to base 3.
-100211221011
1a98a49 (base 11) to base 9
6563371
What is 23035202 (base 6) in base 10?
704882
-8110549 (base 10) to base 13
-18ac855
2412340 (base 5) to base 4
22322300
What is -1244130 (base 7) in base 9?
-266573
Convert 10001000010111111111 (base 2) to base 11.
351750
What is 37dfc (base 16) in base 7?
1642142
Convert 21430124 (base 5) to base 9.
313477
-852727 (base 10) to base 13
-23b195
434407 (base 10) to base 11
277416
Convert -2211014 (base 5) to base 2.
-1001010101110011
What is 22477 (base 8) in base 6?
112051
What is 10011000110110001 (base 2) in base 8?
230661
Convert 375950 (base 16) to base 12.
126b1a8
-20a2052 (base 11) to base 10
-3692251
Convert 152410 (base 7) to base 11.
20351
Convert 10311113032 (base 4) to base 2.
100110101010111001110
-233113331023 (base 4) to base 13
-275a874
Convert -1647022 (base 8) to base 16.
-74e12
-10230000330 (base 4) to base 16
-12c03c
Convert -308829 (base 13) to base 16.
-11492a
-1010110210101 (base 3) to base 16
-92707
What is 42c5b4 (base 16) in base 9?
8208648
What is -84457 (base 9) in base 7?
-321424
-8da6e0 (base 15) to base 13
-152c9bb
What is 110313543 (base 6) in base 2?
111100100101000000111
-51133014 (base 6) to base 4
-11210013202
Convert -5315211 (base 6) to base 16.
-3f3f7
Convert 3a9627 (base 13) to base 6.
50235301
Convert 1010111001011110101 (base 2) to base 5.
42411414
Convert -2021244122 (base 5) to base 3.
-21200122212122
1051212 (base 7) to base 12
63360
-a1b (base 14) to base 16
-7c1
What is 113312033000 (base 4) in base 12?
21158a8
Convert -110000011010111111111 (base 2) to base 12.
-64627b
What is -159a385 (base 11) in base 14?
-50c179
What is 100001010000000011 (base 2) in base 14?
378c3
Convert -10111110001011010100 (base 2) to base 11.
-49227a
265664464 (base 7) to base 15
1794297
Convert -602634 (base 7) to base 9.
-164633
Convert 1012030312 (base 4) to base 13.
a0b58
What is 188530 (base 10) in base 7?
1413436
-749039 (base 16) to base 11
-4348404
-3201200021 (base 4) to base 6
-31444105
What is 49a97 (base 14) in base 15?
38703
Convert 25b0d (base 14) to base 12.
457a9
-3a3cb0 (base 13) to base 2
-101010111110011111011
-33534 (base 8) to base 11
-a714
What is c901cd (base 15) in base 6?
541030451
What is 213032210232 (base 4) in base 5?
10113031220
Convert -1768875 (base 9) to base 14.
-1bb082
What is -13010345 (base 6) in base 3?
-210101222002
Convert 8158c (base 13) to base 11.
149048
What is -1c101 (base 14) in base 16?
-11775
What is -11001111011111100 (base 2) in base 6?
-2135500
-11782836 (base 9) to base 3
-101212202221020
What is -36a09 (base 14) in base 5?
-13234211
Convert 101011100001000101 (base 2) to base 4.
223201011
Convert 82748 (base 11) to base 9.
203488
Convert -4150314 (base 6) to base 14.
-53370
What is -23215313 (base 6) in base 4?
-2233100331
Convert -10101100000110100000001 (base 2) to base 12.
-1a7b681
Convert -14003212 (base 5) to base 6.
-3005013
What is -10435500 (base 6) in base 16?
-4d31c
What is 12241340 (base 5) in base 4?
130321021
Convert -7386a2 (base 11) to base 5.
-300322031
1575357 (base 9) to base 2
11010110000000001001
Convert -1157a4 (base 12) to base 4.
-1010030230
-22843c (base 15) to base 5
-410213312
What is -33252 (base 16) in base 13?
-74478
-1015535 (base 8) to base 10
-269149
What is -39d40c (base 15) in base 2?
-1010100110010110101001
-491738 (base 10) to base 5
-111213423
Convert -611464 (base 7) to base 4.
-121112110
1482187 (base 9) to base 14
17567d
What is 6814626 (base 9) in base 14?
6b7ba1
10030550 (base 6) to base 15
59259
29794 (base 10) to base 2
111010001100010
-2121222210 (base 3) to base 11
-35979
Convert 1011001110001010110 (base 2) to base 7.
3061006
Convert 39341 (base 12) to base 14.
20729
Convert 10110101111011110101 (base 2) to base 5.
142321310
What is 100011010111110000 (base 2) in base 9?
240657
10200100122 (base 3) to base 16
11aef
Convert 31470 (base 15) to base 9.
257306
Convert -10101010110001011110 (base 2) to base 14.
-142cb4
Convert -11153501 (base 7) to base 6.
-32452355
What is 10826154 (base 9) in base 3?
100220220011211
Convert -39d1b (base 14) to base 5.
-14030032
52b602 (base 14) to base 4
22222330002
-56263 (base 8) to base 2
-101110010110011
-12031 (base 8) to base 14
-1c37
110001001101000011 (base 2) to base 15
3eaae
Convert 41306 (base 12) to base 10.
85110
What is -75c4b (base 14) in base 4?
-1011211323
-1219d (base 14) to base 6
-540451
What is 10a3e29 (base 15) in base 9?
24362633
What is 1110111210122 (base 3) in base 6?
24400242
Convert 22222002202 (base 3) to base 11.
110668
Convert 2201211220021 (base 3) to base 10.
1453552
Convert 11021120120111 (base 3) to base 10.
2274898
Convert 3d5cb0 (base 15) to base 3.
12120011212010
Convert -4953b1 (base 12) to base 16.
-122cf5
-85954 (base 10) to base 2
-10100111111000010
-3167 (base 9) to base 7
-6535
What is 3541303 (base 6) in base 11?
11656a
-50535 (base 6) to base 10
-6683
What is -1c6bd (base 15) in base 8?
-264755
Convert -2e0e4a (base 15) to base 12.
-8b6b14
-222165 (base 8) to base 3
-10210200221
Convert 824c4 (base 13) to base 15.
493b3
Convert -232656 (base 8) to base 15.
-18753
Convert 23255432 (base 6) to base 2.
10110000100010101100
What is -2003010 (base 4) in base 3?
-102111200
Convert -1077a2a (base 12) to base 5.
-1301112311
What is 3065666 (base 7) in base 11?
2325a8
104477 (base 12) to base 11
165711
fc8c (base 16) to base 2
1111110010001100
12333203 (base 5) to base 9
204043
Convert 20031011 (base 6) to base 16.
89b0f
203112231012 (base 4) to base 9
18385320
Convert 110200222021021 (base 3) to base 15.
8d5341
What is 11ad8 (base 16) in base 12?
35aa0
What is -2000211010 (base 4) in base 15?
-a60aa
What is -16747e (base 15) in base 9?
-2037122
Convert 387792 (base 15) to base 9.
5077272
Convert -20333303231 (base 4) to base 13.
-64768a
Convert -1010212121000 (base 3) to base 16.
-945c9
-135015050 (base 6) to base 10
-2755110
522324130 (base 6) to base 8
42502526
747512 (base 9) to base 12
195702
What is -37cca (base 16) in base 8?
-676312
Convert 3344023433 (base 5) to base 6.
422440133
-882595 (base 13) to base 15
-4345cd
What is 252630 (base 9) in base 13?
54777
Convert -16434681 (base 9) to base 16.
-7d9839
6731823 (base 9) to base 3
20211001220210
What is -12c821 (base 14) in base 3?
-1012222111202
Convert 1226456 (base 7) to base 3.
22001020012
Convert 15a03 (base 13) to base 2.
1010000100010111
Convert -101101424 (base 5) to base 16.
-6400e
1237ca6 (base 14) to base 15
b7a3e3
What is -123140334 (base 5) in base 15?
-bc949
What is 53151 (base 7) in base 9?
18886
What is 17535 (base 10) in base 7?
102060
Convert 76756 (base 9) to base 5.
3112134
-3002201100 (base 4) to base 10
-796752
What is -6025767 (base 9) in base 8?
-14165631
2540006 (base 8) to base 6
23033354
What is 431003234 (base 5) in base 4?
12322213100
-12a018 (base 14) to base 12
-26b71a
Convert 51375 (base 13) to base 7.
1144335
What is -b67b6 (base 12) in base 11?
-154028
Convert 406 (base 14) to base 12.
55a
What is -1000001100000011010 (base 2) in base 13?
-95187
What is -122132002332 (base 4) in base 2?
-11010011110000010111110
1a3cc7 (base 14) to base 4
3203232013
What is 163ad (base 15) in base 9?
118331
12035025 (base 7) to base 3
2000020201100
100210201202022 (base 3) to base 8
23701127
Convert -4552123 (base 6) to base 13.
-81a71
-1082b (base 13) to base 16
-74fe
Convert 101100111111110001 (base 2) to base 5.
21344210
201012232 (base 5) to base 11
4a5459
27904 (base 11) to base 6
503432
-298b0 (base 14) to base 4
-121031102
-536154 (base 12) to base 15
-1b0314
-141848 (base 11) to base 13
-7a054
Convert 110343420 (base 5) to base 4.
1311131112
What is 100002220212 (base 3) in base 6?
3501552
45046 (base 13) to base 7
1031161
What is -ace8 (base 15) in base 8?
-107474
24b00d (base 16) to base 5
1103414430
Convert -53052222 (b